base 16
-bf
-1cd (base 15) to base 7
-1135
Convert -1168 (base 13) to base 4.
-212110
Convert 75222 (base 9) to base 5.
3043004
Convert 21120001 (base 3) to base 10.
5509
What is 1010211 (base 4) in base 8?
10445
Convert 110010010110 (base 2) to base 13.
160b
-1112 (base 5) to base 13
-c1
What is -18025 (base 9) in base 11?
-9368
What is -19 (base 15) in base 4?
-120
Convert -1405 (base 6) to base 4.
-11231
-5114 (base 6) to base 5
-14001
3011 (base 5) to base 4
11331
What is -b13 (base 12) in base 13?
-960
10230320 (base 4) to base 5
1104011
What is -175 (base 8) in base 2?
-1111101
-13d (base 15) to base 9
-344
What is -244 (base 9) in base 3?
-21111
Convert 15177 (base 10) to base 14.
5761
Convert -2341 (base 9) to base 4.
-123022
What is 1242 (base 6) in base 4?
10322
Convert -102331 (base 5) to base 15.
-1061
304234 (base 5) to base 16
26d8
Convert -23455 (base 6) to base 16.
-d5b
Convert -4cbf (base 16) to base 8.
-46277
What is 1302 (base 6) in base 8?
506
What is 1a87b (base 12) in base 5?
2224023
What is 61523 (base 7) in base 6?
153255
What is 42218 (base 9) in base 16?
6ce9
-102001221 (base 3) to base 7
-32350
What is -2887 (base 11) in base 9?
-5088
What is b462 (base 12) in base 11?
13851
105401 (base 7) to base 6
222355
Convert -1101010111101 (base 2) to base 13.
-3167
-1001000 (base 4) to base 12
-24a8
Convert -14354 (base 9) to base 5.
-303034
20211201 (base 3) to base 14
1b63
What is -321002 (base 6) in base 4?
-12120122
1a08 (base 13) to base 10
3895
Convert 22314 (base 5) to base 4.
120300
What is -1302000 (base 5) in base 6?
-312522
382 (base 9) to base 10
317
What is 111063 (base 9) in base 14?
1a2a8
What is -266c (base 15) in base 4?
-2000022
Convert 5325 (base 7) to base 10.
1881
10522 (base 11) to base 2
11101110100110
-17a8 (base 11) to base 16
-8f8
-124124 (base 6) to base 2
-10110000010100
Convert 3133 (base 5) to base 7.
1135
What is -4342 (base 5) in base 7?
-1512
Convert -2430 (base 6) to base 16.
-252
Convert a8 (base 12) to base 15.
88
Convert 11110110010 (base 2) to base 13.
b87
-210101012 (base 3) to base 9
-23335
What is 3102 (base 7) in base 16?
438
Convert 473 (base 8) to base 6.
1243
What is -37441 (base 8) in base 16?
-3f21
What is 37cc (base 16) in base 6?
150044
-1b82 (base 14) to base 6
-35114
What is 55025 (base 7) in base 4?
3112223
Convert -c6b (base 14) to base 12.
-14bb
-21110201 (base 3) to base 10
-5446
What is 2090 (base 12) in base 14?
1428
14032 (base 5) to base 4
101312
-10001101000 (base 2) to base 12
-7a0
What is -12612 (base 8) in base 6?
-41310
100010121 (base 3) to base 4
1220002
19a2 (base 13) to base 11
2990
38a4 (base 15) to base 11
9091
6b6 (base 12) to base 9
1333
Convert -1101110000001 (base 2) to base 4.
-1232001
What is 1212 (base 7) in base 12?
316
Convert -21333 (base 5) to base 14.
-76c
Convert -1718 (base 9) to base 15.
-5c8
Convert -1195 (base 13) to base 9.
-3364
Convert 10010111011 (base 2) to base 15.
55b
Convert 15021 (base 9) to base 6.
115201
316b (base 12) to base 13
2603
-1a43 (base 15) to base 16
-1638
What is 2bc (base 15) in base 3?
212020
Convert -a5 (base 12) to base 6.
-325
Convert -1210231 (base 5) to base 11.
-15a55
-76 (base 12) to base 15
-60
Convert -2240 (base 7) to base 10.
-812
What is 232 (base 5) in base 13?
52
What is 6 (base 12) in base 16?
6
What is 491 (base 14) in base 8?
1617
What is -25a7 (base 14) in base 8?
-14727
-a02 (base 15) to base 3
-10002102
What is -279 (base 13) in base 14?
-234
-523 (base 13) to base 14
-466
What is -9a0 (base 12) in base 13?
-84c
-411243 (base 6) to base 14
-bccb
906b (base 16) to base 6
443055
Convert 1010100000110111 (base 2) to base 13.
167a7
-3044 (base 7) to base 9
-1408
What is -1000100000100 (base 2) in base 15?
-1456
Convert -11101110 (base 2) to base 14.
-130
-720 (base 14) to base 5
-21100
-4ab7 (base 12) to base 8
-20453
What is 1a2 (base 13) in base 16?
12d
-359 (base 12) to base 4
-13311
Convert -20434 (base 10) to base 2.
-100111111010010
What is -1001020 (base 3) in base 6?
-3310
What is -2536 (base 16) in base 10?
-9526
Convert -880 (base 10) to base 13.
-529
-11506 (base 7) to base 3
-11002221
What is 3b0 (base 12) in base 13?
345
-211220 (base 3) to base 15
-2b3
Convert 1505 (base 11) to base 6.
12553
Convert 4117 (base 11) to base 9.
7440
-913 (base 14) to base 15
-7db
What is 101111000 (base 2) in base 12?
274
499 (base 10) to base 6
2151
Convert 135703 (base 9) to base 14.
2232b
Convert 34102 (base 6) to base 2.
1001010110110
Convert -115 (base 11) to base 3.
-12002
-24050 (base 6) to base 3
-11210010
What is 12 (base 8) in base 4?
22
Convert 372 (base 13) to base 11.
4a6
Convert -8ed2 (base 15) to base 2.
-111011010001011
What is 132c (base 15) in base 4?
333330
Convert 20765 (base 8) to base 5.
234233
What is -298a (base 12) in base 7?
-20110
-435 (base 7) to base 8
-336
What is -1000110111000111 (base 2) in base 14?
-d327
2103011 (base 4) to base 11
7088
What is 1112201 (base 3) in base 8?
2146
-1289 (base 11) to base 16
-686
Convert -8796 (base 11) to base 6.
-125412
-14828 (base 9) to base 7
-41411
What is 1111110100110001 (base 2) in base 7?
356654
803 (base 10) to base 8
1443
12a50 (base 12) to base 13
b904
What is 9a5 (base 11) in base 5?
14304
What is -315 (base 9) in base 6?
-1105
Convert 1011001 (base 2) to base 15.
5e
Convert -10101021 (base 3) to base 6.
-15224
Convert 56a5 (base 11) to base 5.
214441
Convert -223 (base 16) to base 15.
-267
52224 (base 7) to base 15
3bdc
What is 36b5 (base 16) in base 11?
a582
-102010211 (base 3) to base 10
-8122
Convert -a20 (base 16) to base 13.
-1245
Convert -23397 (base 13) to base 16.
-fb58
What is 113 (base 6) in base 3?
1200
Convert -133 (base 12) to base 14.
-d1
Convert 265 (base 16) to base 13.
382
Convert 1896c (base 13) to base 5.
3011443
42 (base 16) to base 3
2110
Convert 541 (base 10) to base 11.
452
301402 (base 5) to base 8
22602
What is 330422 (base 5) in base 13?
5230
What is -3054 (base 6) in base 15?
-307
Convert 40271 (base 8) to base 6.
204413
What is 120002022 (base 3) in base 9?
16068
-4321 (base 5) to base 12
-40a
11124 (base 5) to base 8
1425
-2843 (base 9) to base 12
-12a9
What is -325 (base 6) in base 3?
-11122
What is 1334 (base 7) in base 4?
20003
What is 66130 (base 7) in base 5?
1012114
What is 477 (base 13) in base 3?
1001200
-786 (base 9) to base 3
-212220
1862 (base 11) to base 16
93f
What is 2db (base 15) in base 4?
22100
Convert -334 (base 5) to base 3.
-10111
What is 1074 (base 14) in base 13?
13ac
25d7 (base 15) to base 14
2d2d
12201012 (base 3) to base 5
113123
Convert -342151 (base 6) to base 4.
-13011103
384 (base 10) to base 11
31a
What is -23b (base 15) in base 5?
-4011
Convert -1112112022 (base 3) to base 14.
-b067
Convert -8b08 (base 14) to base 6.
-303352
Convert -122424 (base 5) to base 11.
-3619
-10239 (base 10) to base 16
-27ff
What is -33207 (base 9) in base 13?
-a054
Convert 554e (base 16) to base 5.
1144323
What is -1011111 (base 2) in base 15?
-65
What is 7dc (base 15) in base 12?
1046
Convert -32e4 (base 16) to base 6.
-140152
13667 (base 8) to base 9
8285
What is -56752 (base 9) in base 11?
-26438
What is 123 (base 13) in base 7?
402
What is 18a5d (base 15) in base 8?
234133
What is 122021 (base 3) in base 5?
3331
-20881 (base 9) to base 2
-11011000010011
What is -555430 (base 6) in base 3?
-2100221000
-2816 (base 12) to base 11
-3526
-1000001110 (base 2) to base 11
-439
365a (base 11) to base 5
123114
What is 2547 (base 8) in base 7?
4014
What is -2016 (base 7) in base 13?
-41a
What is 110101010 (base 2) in base 14?
226
What is 397b (base 15) in base 16?
2fea
-4160 (base 11) to base 13
-267c
-442 (base 12) to base 10
-626
What is 10312201 (base 4) in base 2?
100110110100001
588a (base 13) to base 8
30243
Convert 4719 (base 10) to base 8.
11157
Convert d4 (base 14) to base 11.
15a
-7780 (base 14) to base 3
-1001101101
2693 (base 10) to base 2
101010000101
What is -10211020 (base 5) in base 7?
-503131
Convert 4723 (base 8) to base 14.
cb9
5036 (base 7) to base 5
23432
What is 214401 (base 8) in base 5?
4300222
Convert 1010011111000 (base 2) to base 5.
132433
Convert 152 (base 16) to base 5.
2323
-1002120120 (base 3) to base 9
-32516
What is -12211 (base 4) in base 14?
-221
-3313323 (base 